0
What is the units digit of 21704?
4
What is the thousands digit of 1192?
1
What is the tens digit of 38417?
1
What is the tens digit of 1766?
6
What is the tens digit of 1179?
7
What is the tens digit of 4872?
7
What is the tens digit of 1326?
2
What is the units digit of 28904?
4
What is the hundreds digit of 25218?
2
What is the ten thousands digit of 33601?
3
What is the hundreds digit of 278?
2
What is the ten thousands digit of 13249?
1
What is the ten thousands digit of 23687?
2
What is the units digit of 273?
3
What is the tens digit of 1116?
1
What is the tens digit of 13931?
3
What is the tens digit of 93?
9
What is the hundreds digit of 634?
6
What is the tens digit of 8863?
6
What is the units digit of 5396?
6
What is the thousands digit of 1090?
1
What is the thousands digit of 9819?
9
What is the units digit of 4633?
3
What is the tens digit of 535?
3
What is the ten thousands digit of 14518?
1
What is the hundreds digit of 7062?
0
What is the thousands digit of 38670?
8
What is the units digit of 12359?
9
What is the thousands digit of 71751?
1
What is the thousands digit of 152956?
2
What is the thousands digit of 11163?
1
What is the hundreds digit of 1472?
4
What is the tens digit of 561?
6
What is the tens digit of 20202?
0
What is the ten thousands digit of 10548?
1
What is the units digit of 20903?
3
What is the ten thousands digit of 48373?
4
What is the thousands digit of 2319?
2
What is the thousands digit of 6957?
6
What is the units digit of 58638?
8
What is the thousands digit of 1710?
1
What is the units digit of 96232?
2
What is the units digit of 1937?
7
What is the thousands digit of 7245?
7
What is the ten thousands digit of 87930?
8
What is the tens digit of 69704?
0
What is the hundreds digit of 310?
3
What is the ten thousands digit of 23893?
2
What is the hundreds digit of 7627?
6
What is the thousands digit of 133314?
3
What is the thousands digit of 26059?
6
What is the tens digit of 19429?
2
What is the tens digit of 3081?
8
What is the tens digit of 40542?
4
What is the units digit of 171?
1
What is the tens digit of 3339?
3
What is the hundreds digit of 795?
7
What is the tens digit of 11189?
8
What is the hundreds digit of 3198?
1
What is the units digit of 4548?
8
What is the hundreds digit of 600?
6
What is the thousands digit of 4706?
4
What is the units digit of 6844?
4
What is the hundreds digit of 1273?
2
What is the thousands digit of 38018?
8
What is the tens digit of 972?
7
What is the units digit of 6182?
2
What is the tens digit of 30666?
6
What is the thousands digit of 1778?
1
What is the hundreds digit of 8410?
4
What is the tens digit of 1430?
3
What is the ten thousands digit of 44054?
4
What is the tens digit of 3282?
8
What is the ten thousands digit of 57319?
5
What is the thousands digit of 7897?
7
What is the tens digit of 51366?
6
What is the thousands digit of 34011?
4
What is the units digit of 72771?
1
What is the tens digit of 1507?
0
What is the units digit of 11562?
2
What is the tens digit of 31907?
0
What is the tens digit of 821?
2
What is the thousands digit of 2519?
2
What is the tens digit of 33721?
2
What is the units digit of 37793?
3
What is the thousands digit of 3278?
3
What is the thousands digit of 55080?
5
What is the units digit of 66120?
0
What is the tens digit of 11597?
9
What is the units digit of 632?
2
What is the hundreds digit of 580?
5
What is the tens digit of 833?
3
What is the hundreds digit of 11116?
1
What is the units digit of 145222?
2
What is the units digit of 203?
3
What is the ten thousands digit of 47061?
4
What is the units digit of 25821?
1
What is the hundreds digit of 1431?
4
What is the tens digit of 422?
2
What is the tens digit of 2203?
0
What is the units digit of 1770?
0
What is the thousands digit of 20187?
0
What is the tens digit of 117571?
7
What is the thousands digit of 19107?
9
What is the thousands digit of 4482?
4
What is the hundreds digit of 8881?
8
What is the units digit of 1396?
6
What is the hundreds digit of 2308?
3
What is the units digit of 1685?
5
What is the units digit of 1619?
9
What is the tens digit of 76573?
7
What is the hundreds digit of 304?
3
What is the thousands digit of 2676?
2
What is the tens digit of 5805?
0
What is the ten thousands digit of 42964?
4
What is the tens digit of 26507?
0
What is the thousands digit of 4453?
4
What is the thousands digit of 3558?
3
What is the units digit of 70660?
0
What is the hundreds digit of 417?
4
What is the thousands digit of 41966?
1
What is the tens digit of 20378?
7
What is the tens digit of 91839?
3
What is the hundreds digit of 807?
8
What is the tens digit of 32877?
7
What is the thousands digit of 7294?
7
What is the hundreds digit of 2069?
0
What is the hundreds digit of 2661?
6
What is the tens digit of 238?
3
What is the tens digit of 38095?
9
What is the tens digit of 8852?
5
What is the hundreds digit of 2001?
0
What is the units digit of 5197?
7
What is the hundreds digit of 32172?
1
What is the hundreds digit of 903?
9
What is the thousands digit of 6260?
6
What is the thousands digit of 124853?
4
What is the ten thousands digit of 81693?
8
What is the units digit of 871?
1
What is the units digit of 8007?
7
What is the hundreds digit of 49042?
0
What is the thousands digit of 1338?
1
What is the hundreds digit of 3998?
9
What is the hundreds digit of 2452?
4
What is the ten thousands digit of 13142?
1
What is the tens digit of 497?
9
What is the thousands digit of 11701?
1
What is the hundreds digit of 56649?
6
What is the units digit of 1300?
0
What is the tens digit of 465?
6
What is the thousands digit of 21394?
1
What is the units digit of 35250?
0
What is the units digit of 8446?
6
What is the hundreds digit of 5731?
7
What is the ten thousands digit of 33751?
3
What is the tens digit of 43699?
9
What is the thousands digit of 17342?
7
What is the tens digit of 2365?
6
What is the units digit of 4638?
8
What is the ten thousands digit of 11372?
1
What is the tens digit of 2645?
4
What is the hundreds digit of 876?
8
What is the tens digit of 25858?
5
What is the units digit of 518?
8
What is the tens digit of 18522?
2
What is the units digit of 27227?
7
What is the hundreds digit of 41738?
7
What is the hundreds digit of 349?
3
What is the tens digit of 2617?
1
What is the hundreds digit of 454?
4
What is the ten thousands digit of 24887?
2
What is the tens digit of 10896?
9
What is the units digit of 1072?
2
What is the hundreds digit of 1616?
6
What is the units digit of 31006?
6
What is the units digit of 2765?
5
What is the units digit of 13966?
6
What is the hundreds digit of 9237?
2
What is the units digit of 1502?
2
What is the units digit of 44?
4
What is the ten thousands digit of 41316?
4
What is the tens digit of 96?
9
What is the ten thousands digit of 94215?
9
What is the hundreds digit of 1990?
9
What is the hundreds digit of 2397?
3
What is the tens digit of 13445?
4
What is the units digit of 38954?
4
What is the ten thousands digit of 11057?
1
What is the thousands digit of 55833?
5
What is the hundreds digit of 4069?
0
What is the ten thousands digit of 48889?
4
What is the thousands digit of 3147?
3
What is the hundreds digit of 1761?
7
What is the tens digit of 636?
3
What is the tens digit of 5588?
8
What is the thousands digit of 3163?
3
What is the ten thousands digit of 10818?
1
What is the thousands digit of 18084?
8
What is the hundreds digit of 1171?
1
What is the units digit of 4002?
2
What is the ten thousands digit of 128676?
2
What is the units digit of 8146?
6
What is the hundreds digit of 7478?
4
What is the hundreds digit of 13919?
9
What is the units digit of 1734?
4
What is the units digit of 638?
8
What is the tens digit of 13880?
8
What is the hundreds digit of 123?
1
What is the tens digit of 53?
5
What is the tens digit of 4384?
8
What is the thousands digit of 2143?
2
What is the hundred thousands digit of 102573?
1
What is the units digit of 791?
1
What is the thousands digit of 2918?
2
What is the tens digit of 351?
5
What is the tens digit of 70245?
4
What is the thousands digit of 1100?
1
What is the thousands digit of 26351?
6
What is the thousands digit of 2762?
2
What is the tens digit